 s(g) = g**2 + 19*g + 2. Let c(a) = -20*a + 1. Let l be c(1). Let t be s(l). Let j = t - -206. What are the prime factors of j?
2, 13
Suppose -n + 43 = 3*v, -5*n = -0*v + 3*v - 47. Let m(d) = 12 - 2*d + 2 + v. What are the prime factors of m(-12)?
2, 13
Suppose -2*a + 36 = 126. Let y = a - -48. Suppose 2*q = -y*g + 199, q - 3 = -1. What are the prime factors of g?
5, 13
Let x = -67 - -38. Let y = 22 + 45. Let k = x + y. What are the prime factors of k?
2, 19
Suppose 5*x + 18*x = -25806. Let l = -124 - x. What are the prime factors of l?
2, 499
Let x = -70700 - -104094. What are the prime factors of x?
2, 59, 283
What are the prime factors of (-2)/(0 - 6) + 22164*(-620)/(-720)?
2, 3, 3181
Let w(b) = -24*b**3 + 8*b**2 - 3*b - 3. List the prime factors of w(-6).
3, 31, 59
Let x be (-13)/((-4)/(320/4)). Suppose -6*i + 9*i + r - 160 = 0, -5*i + x = 3*r. Let u = -29 + i. List the prime factors of u.
2, 13
Let g be (33/12 - 2/(-8))/1. Suppose -9*z - u = -5*z - 1289, -968 = -g*z - u. List the prime factors of z.
3, 107
Let k(q) = 3669*q**3 - 3*q**2 - 2*q. Let h be k(2). What are the prime factors of (h/114)/(4/6)?
2, 193
Suppose -1525*v - 16926 = -1528*v. List the prime factors of v.
2, 7, 13, 31
Suppose -5*b = -3 - 7, r = -b + 3. Suppose -3*d - 4 = 3*l - r, 16 = -4*d + 2*l. What are the prime factors of ((-120)/(-2))/(d/(-2))?
2, 5
Suppose -j - 144*s + 140*s + 8849 = 0, 5*j - 44291 = 3*s. What are the prime factors of j?
17, 521
Let m be (390/(-9))/((-10)/225). Let b = m - 546. What are the prime factors of b?
3, 11, 13
Let z(u) = -16*u**3 - u**2 + 2*u - 1. Let i be z(-2). Let a = i - -119. List the prime factors of a.
2, 7, 17
Suppose 294*k = 284*k + 1290. Suppose -365 = -3*p - 104. Let x = k - p. What are the prime factors of x?
2, 3, 7
Suppose 2*m + 141 = -m. Let u = m - -52. Suppose -4*r + 4*p = -260, u*r - 60 - 265 = -3*p. What are the prime factors of r?
5, 13
Let l(z) = -289*z**2 - 6 + 761*z**2 + 4*z + 8 - 8. List the prime factors of l(1).
2, 5, 47
Suppose -5*u + 4*u + 7 = 0. Suppose 884 = -3*k + u*k. List the prime factors of k.
13, 17
Suppose 3*s - 54 = 12*s. Let n be ((36/15)/s)/((-1)/25). Let j(f) = -f**2 + 11*f + 2. What are the prime factors of j(n)?
2, 3
Let l(v) = 232*v + 1. Let h be l(1). Let w = 61 + h. What are the prime factors of w?
2, 3, 7
Let c be (-9)/15 - (-1)/((-15)/(-99)). Suppose 0 = -c*s + 3966 - 126. List the prime factors of s.
2, 5
Suppose 3*v = v + v. Let r be 5 + (v - 0 - (-5 + 3)). Suppose 3*a + 460 = r*a. List the prime factors of a.
5, 23
Suppose -11*k - 1404 = -4*k - 77956. List the prime factors of k.
2, 1367
Let k be (9 - 4)*64/5. Suppose -k + 170 = 2*u. Suppose -2*t = f - u, -f - 5*t - 32 = -2*f. What are the prime factors of f?
47
Let s = -52449 + 89885. List the prime factors of s.
2, 7, 191
Suppose 164*h - 6272 - 5208 = 0. Let a = 21 + 35. Let p = h - a. What are the prime factors of p?
2, 7
Let q(u) = -4*u**2 - 6*u + 8. Let n(i) = 4*i**2 + 6*i - 9. Let j(w) = 6*n(w) + 5*q(w). What are the prime factors of j(12)?
2, 317
Let s = 17042 - 11670. List the prime factors of s.
2, 17, 79
Let q(u) = 25*u - 173. Let w be q(7). Suppose w*g - 5*s = 98, -14*g + 140 = -11*g - 4*s. What are the prime factors of g?
2, 11
Let x = 49 + -180. Let i = 260 + x. What are the prime factors of i?
3, 43
Let i be 64/((24/(-4))/(-72)). What are the prime factors of (1 + 70/(-3))*i/(-32)?
2, 67
Let c be (-13 + 13)*(-1)/3. Let o be c/(-2 + -4 - -4). Suppose o = 6*l - 11 - 403. What are the prime factors of l?
3, 23
Let i(j) = -3*j**3 - 18*j**2 - 129*j + 47. Let o be i(-24). Suppose 12*a + o = 35*a. List the prime factors of a.
1489
Let d = -29 + 37. Let i(f) = 73*f - 23. Let l be i(d). Suppose 8*w - 2193 = -l. What are the prime factors of w?
2, 3, 17
What are the prime factors of (-25)/(450/(-457788)) - (-4)/(-6)?
2, 11, 17
Let b = -25 - -186. Let g = 275 - b. Suppose -o - 2*f = -g, 0 = o + o + 3*f - 229. List the prime factors of o.
2, 29
Let k(t) = -3*t + 39. Let s(d) = -4*d + 38. Let m(n) = -3*k(n) + 2*s(n). Let c be m(21). Let v(j) = -j**2 - 24*j - 18. List the prime factors of v(c).
2, 31
Let f(n) = 17*n - 2*n**2 + 5*n**2 + 6*n - 2*n - 75. List the prime factors of f(6).
3, 53
Let z be -3 + 11 + -6 + 2. Suppose -z*r + 3708 = 5*t, 5*r + 4*t - 5*t = 4635. What are the prime factors of r?
3, 103
Let w = 18796 + -10811. Suppose -2*r + w = 5*o + 2*r, -3166 = -2*o + 4*r. What are the prime factors of o?
3, 59
Suppose 4*m = -3*r + 3*m, -r = -3*m + 10. List the prime factors of (-14)/4*66*r.
3, 7, 11
What are the prime factors of 5*(9 - (-205333)/95)?
2, 2713
Let l be (-51)/34*(-8)/(-6). Let d(a) be the third derivative of a**5/2 - a**4/8 + a**3/3 - 11*a**2 + 2. What are the prime factors of d(l)?
2
Suppose 0 = f + p - 27, -5*p + 107 = -2*f + 6*f. Let a = -48 + f. Let o = 15 - a. List the prime factors of o.
5, 7
Suppose -5*c - 2*u + 3*u + 14 = 0, 4*c - u = 11. Suppose -3*w - 37 = 4*g + c, 3*g = -3. Let r = 109 - w. What are the prime factors of r?
11
Let q(g) = -75*g - 385. Suppose -12*b + 14*b = -3*i - 53, 0 = -4*i - 2*b - 68. List the prime factors of q(i).
2, 5, 37
What are the prime factors of (106/(-477))/(8/(-21564))?
599
Let t(n) = 9*n - 36. Suppose -9*s - 24 = -12*s. Let g be (6*2)/(3 - s/4). List the prime factors of t(g).
2, 3
Suppose 0 = 5*j + 3*t - 2488, 2008 = 2*j + 2*j - 2*t. Suppose -6*r = -j + 56. Suppose 8*g - r = 134. What are the prime factors of g?
2, 13
Suppose -115*a + 114*a - 2*j = -14297, -a + 14304 = 3*j. List the prime factors of a.
3, 23
Let d be (-5 - -10)/(-5) + 676. Let w = d - 375. List the prime factors of w.
2, 3, 5
Let x(v) be the second derivative of 55*v**3/6 + 2*v**2 - v + 15. List the prime factors of x(7).
389
Suppose -10728*f + 2345525 = -10663*f. List the prime factors of f.
5, 7, 1031
Let t(i) = i - 3. Let o be t(13). Suppose 0 = -3*p + o*n - 7*n + 1572, 4*p - 2111 = n. What are the prime factors of p?
23
Suppose 4*k - 3*j = 178, 6*k = -8*j + 3*j + 248. What are the prime factors of k?
43
Suppose 5*q + 254 = 4*i + 599, 2*i + 205 = 3*q. Let n = 130 + q. List the prime factors of n.
3, 5, 13
Let n = 3215 + -1318. What are the prime factors of n?
7, 271
Let a be (-21480)/45 + (1/3 - 1). Let i = -132 - a. List the prime factors of i.
2, 173
Let s(m) = -8*m**3 + 34*m**3 - m - 7 + 14*m**2 - 25*m**3. List the prime factors of s(-9).
11, 37
Let w = 342 + -344. Let m(c) = -165*c + 66. List the prime factors of m(w).
2, 3, 11
Let f(r) = 969*r**2 + 5*r - 1. Let y be f(1). What are the prime factors of y*7/(-196)*-20?
5, 139
Suppose -3*j + 4*h + 89213 = 0, -55*j + 58*j - h = 89225. List the prime factors of j.
7, 607
Suppose 0 = -105*z + 113*z - 10800. Let g = z + -718. What are the prime factors of g?
2, 79
Suppose 22*b - 14 + 14 = 0. Let z = 36 + -11. Suppose z*y - 21*y - 88 = b. List the prime factors of y.
2, 11
Let p be 12 + (0/2)/(-2). Let j = -78 + 79. List the prime factors of (1/2)/(1/p)*j.
2, 3
Suppose 12*d = 9*d + 252. Let c = d + -82. Suppose 3*u = -c*u - 4*g + 249, -5*g + 5 = 0. List the prime factors of u.
7
Suppose h - 3*b = 177, 2*h - 42 = -b + 284. Suppose -h = -z + 100. List the prime factors of z.
5, 53
Let r(n) = -n**2 + 39*n - 134. Let q be r(4). Suppose 5*w - 1287 = -q*w. What are the prime factors of w?
3, 13
Suppose 704*q - 2 = 702*q. Let k be ((-2)/(-6))/(5/(-15)). What are the prime factors of (26 - (2 - k)) + q?
2, 3
Suppose 65*h - 3068888 = -191858. What are the prime factors of h?
2, 3, 2459
What are the prime factors of (80/(-12))/(40/(-72)) - -12185?
12197
Let o(i) = -52*i - 74. Let d be o(-5). List the prime factors of 1 - (0 - -6 - d).
181
Suppose -4*o + 98 = -3*h + 16218, 0 = 2*o + 2. List the prime factors of h.
2, 17, 79
Let l(g) = g**2 - 20*g + 2. Suppose 67 = 3*i + 7. Let y be l(i). Suppose -3*d + 13 = -2*d - m, -y*d = m - 32. List the prime factors of d.
3, 5
Suppose -f - 12 + 12 = 0. Suppose r + f*r = -108. List the prime factors of 3198/r*-2 + 4/(-18).
59
Suppose -21 = 3*o, 0 = -4*t + 22*o - 19*o + 48413. List the prime factors of t.
2, 23, 263
Let n = 110 - 107. Let u = 242 + n. List the prime factors of u.
5, 7
What are the prime factors of ((-8)/(8/25))/((-9)/10377)?
5, 1153
Suppose -2*q = 4*u - 12958, 5*q + 2*u - 30478 - 1925 = 0. List the prime factors of 